2. Let h(c) = 14*c**3 + 4*c**2 + 20*c - 11. Let i(t) = -5*b(t) - 9*h(t). Calculate i(11).
22
Let d be 4 - (3 + -4)/1. Let q = -5 + d. Let n(l) = -26*l**3 - 19*l**3 + 4 + 46*l**3 - 3. Determine n(q).
1
Let g(r) be the third derivative of -r**5/60 - 3*r**4/8 - r**3/3 - r**2. Suppose 34*h + 24*h + 78 = -154. Determine g(h).
18
Let c(p) = 1. Let s(q) = -q. Let r(g) = c(g) + s(g). Let x be (-2)/(-2) - 1/(7/21). Let y be (1*x)/(7/(35/2)). Give r(y).
6
Suppose 6*h - 37 = 17. Suppose 7*r + 33 = -h. Let u(q) = -q**3 - 5*q**2 + 6*q + 1. What is u(r)?
1
Let l(x) = -9*x**2 + 5*x + 11. Let s(n) = -n**3 + 5*n**2 + 5*n - 1. Let f be s(6). Let r(q) = -5*q**2 + 3*q + 6. Let h(c) = f*r(c) + 4*l(c). Calculate h(-3).
-4
Let f(y) be the second derivative of y**3/3 + y**2/2 - y - 33. What is f(1)?
3
Let p(n) = 15*n - 83. Let z = -23387 + 23393. Give p(z).
7
Let h = -3 + 8. Let i be 2 - h/(15/6). Suppose -4*o + 2 = d + 4, -4*o + 3*d - 10 = i. Let j(b) = 5*b**2 - b - 1. Give j(o).
5
Let f(k) be the second derivative of k**3/6 - 10*k**2 + 942*k. Determine f(4).
-16
Let p = 5360 + -5349. Let l(s) = -s + 23. Give l(p).
12
Let t be (34 + 4)/1*-1. Let s = -33 - t. Suppose 2*y = y - s. Let q(g) = g**2 + 5*g + 3. What is q(y)?
3
Let p(f) = -3*f**2 + 30 + f + 3*f**2 - 30 - 2*f**2 + 4. Give p(3).
-11
Let q(s) = 2*s + 7. Let b(k) = k**2 - 10*k + 10. Let r be b(10). Let m be (r + -10)/(2/(-4 + 2)). Suppose m = -8*l + l - 35. What is q(l)?
-3
Let r(i) = i**2 - 9*i. Let t(d) = 2*d**2 - 17*d + 1. Let w(k) = -5*r(k) + 3*t(k). Suppose 16*j - 81 = 15*j. Let l = j + -77. Give w(l).
-5
Let s = -1288 + 1299. Let n(a) = -a**3 + 12*a**2 - 11*a - 4. Calculate n(s).
-4
Let l(p) be the second derivative of -2*p**3/3 + p**2 + 77*p + 4. Determine l(-5).
22
Let s(t) = t**2 - 15*t + 1. Let x be 6 + 672/(-114) + (-786)/(-114). Calculate s(x).
-55
Let b(h) = -2*h**2 + 972*h - 2*h**2 - 2*h**2 - 5 + 12*h**2 - 4*h**2 - 971*h. Suppose 2*f = -f. What is b(f)?
-5
Suppose 747*u - 757*u = 240. Let n(a) = -a**3 - 23*a**2 + 24*a - 8. Determine n(u).
-8
Let p(f) = f**3 - 70*f**2 - 70*f - 72. Let n be p(71). Let y(a) = 14*a - 9. Give y(n).
-23
Let p(a) = 2*a - 3*a - 4 + 3*a. Suppose 0*k + k = -4*k. Suppose k*t = -2*v + 5*t - 1, 0 = 2*t - 6. Give p(v).
10
Suppose -u - 15 = -5*j, j - 2*j - u + 3 = 0. Let i be 31188/72 + 3/(-18). Let s(g) = -434*g**2 - 3*g + 869*g**2 - i*g**2 - 3. Give s(j).
6
Let h be (-1)/(0 - 2)*(14 - -6). Let g(o) = -30 + 0*o - h*o - 7*o + 31. Calculate g(-1).
18
Let l(g) = 1135*g - 9083. Let m be l(8). Let s(h) = -h**3 - 3*h**2 + 19. Calculate s(m).
19
Let i(p) = p + 1. Let f(u) = 3 + 488*u**2 + 13*u + 487*u**2 - 976*u**2. Let g(m) = -f(m) + 5*i(m). Give g(8).
2
Let m(f) = -71 - f - 89 + 0*f + 156. Determine m(-5).
1
Suppose -4 = -0*f - f. Let m(l) = 4*l**2 - 198*l + 38*l - l**3 + 163*l - 6. Calculate m(f).
6
Let l(w) = 136*w + 637. Let k(c) = -91*c - 427. Let b(z) = -8*k(z) - 5*l(z). Let t be b(-5). Let x(r) = r**2 + 11*r + 13. Give x(t).
-5
Let f = -3 + -2. Let y(k) = 29*k + 267. Let w be y(-9). Let p(g) = 5*g + 3*g - 9*g + 3*g - w - 3*g. Give p(f).
-1
Let t be (-47)/(-9) + -1 + (-82)/369. Suppose -w = t*x - 135, -w - 3*x + 140 = 7. Let p(u) = -63 - 61 + w + u. Give p(-3).
0
Let s(p) be the second derivative of p**5/20 - 5*p**4/6 + 3*p**3/2 - 7*p**2/2 - 6*p - 11. What is s(9)?
-7
Suppose w = -4, 4*o - 1233*w = -1236*w - 40. Let g(j) = -9*j - 30. Give g(o).
33
Let z(d) = 2*d**3 - 5 + d**3 + 3 - 6*d**3 - 1173*d + 1170*d. Calculate z(-1).
4
Suppose 2*w = -3*o + 1, 2*w = -10*o + 11*o - 11. Let d(y) = -y**o - 4 + 7*y**2 + 15 - 19. Let m be (-1)/((-8)/7 + 1). What is d(m)?
-8
Let x(z) be the second derivative of -z**5/20 - z**4/4 + 9*z**3/2 + 21*z**2 + 4139*z. Calculate x(-6).
-12
Let z(a) = -a**2 + a - 1. Let b(r) = 202 - 3*r - 82 - 86 + r. Suppose 3*i + 68 = 5*n, -4*n - 3*i = -6*n + 20. Let u be b(n). Determine z(u).
-3
Suppose 2*x + a + 26 = 0, -3*a + 0 = 12. Let g(l) = 9*l - 14. Let d(h) = 11*h - 15. Let n(u) = -5*d(u) + 6*g(u). What is n(x)?
2
Let y(z) = z**3 - 18*z**2 + 18*z - 35. Suppose 129*r - 14*r = 559 + 1396. Give y(r).
-18
Let v(y) = 9*y**2 - 2*y - 5. Let w(x) be the first derivative of 6*x**3 - 5*x**2/2 - 12*x + 72. Let a(s) = -5*v(s) + 2*w(s). Determine a(-1).
-8
Let g = -524 - -512. Let k(i) = 257 - 257 + 12*i + i**2 + 0*i**2. Calculate k(g).
0
Let b(t) = -2*t - 42. Suppose -314 - 136 = 18*h. Determine b(h).
8
Let d(h) = 12*h - 92. Let n = -349 + 357. Let s be d(n). Let m(c) = c**3 - 4*c**2 - 2*c + 5. What is m(s)?
-3
Let i(q) = -36*q**3 + 10*q**2 - 3*q - 5. Let n(d) = -54*d**3 + 14*d**2 + 8*d + 8 - 15 - 12*d. Let s(g) = 7*i(g) - 5*n(g). Calculate s(1).
17
Let j(w) = -2*w**2 - 13*w + 7. Let k = -15278 + 15269. What is j(k)?
-38
Let v be 268/6*(-13 + 16). Let x = v - 132. Suppose 0*m - x*m = -2*w + 8, 4*m + 15 = 5*w. Let p(b) = 3*b + 1. Calculate p(w).
-2
Let x = -9110 - -9105. Let n(q) be the third derivative of -q**8/20160 - q**7/720 + q**5/30 + q**2. Let r(j) be the third derivative of n(j). Give r(x).
10
Let p(j) = 237 + 99*j + 288 + 123 - 57. What is p(-6)?
-3
Let w(c) = -2*c**2 - c**2 + c**3 + 107*c + 51 - 227*c + 108*c. What is w(4)?
19
Let d(j) = -j**3 + 1. Let n(l) = -3*l**3 + 6*l**2 - 4*l + 2. Let w(x) = -2*d(x) + n(x). Let u be -6*(-2 - 28/(-12)). Let h = u + 7. Determine w(h).
5
Let h(i) = -3*i - 4. Let j be h(-3). Let b(w) = -151 - w**3 + 6*w**2 - 6*w - 186 + 342. Determine b(j).
0
Suppose 35*y - 82*y + 155 = -16*y. Let d(f) = 3*f**2 + 5*f - 4. Give d(y).
96
Let c(p) = 3*p**3 + 9*p**2 - 2. Let h(a) = 2*a**3 - a**2 + a + 1. Let n(f) = c(f) - h(f). Determine n(-10).
7
Let j(p) = p**3 + p**2 + 2 + p - 1 - 2. Let a = -123 + 125. Suppose a*t + 2 = -2*k, 3*k - 6*t + 5*t - 5 = 0. Give j(k).
2
Let j(f) = -f**3 + 5*f**2 - 3*f + 4. Suppose g + 4*x - 40 = 0, 4*x = g + 2*x - 34. Suppose 4*t - 10 = 2*r, t - g + 56 = 5*r. Calculate j(t).
-11
Let l(u) = -3*u**2 + 6*u - 6. Suppose -4*k + 3*k = -14. Suppose -h - 4*q = -k, -9 = -2*h - h - q. Let w be l(h). Let v(f) = -f**2 - 6*f - 2. Calculate v(w).
-2
Let x = 468 + -466. Let r(z) = 74*z. Let t be r(1). Let c(f) = -147*f**2 + t*f**2 + 4 + 74*f**x - 4*f. Determine c(4).
4
Let j(m) be the first derivative of 5*m**2 + 101*m + 1995. Give j(-10).
1
Let m(q) = q**3 + 3*q**2 - 4*q - 3. Let j(z) = 10*z - 22. Let y be j(5). Let l = 39 - y. Let b = l + -14. Calculate m(b).
9
Suppose 0 = -p - 2*h + 6, -3*p = -8*p + 2*h + 18. Let f(u) be the second derivative of 1/12*u**4 + 0 - 2/3*u**3 + 2*u**2 + 4*u. What is f(p)?
4
Let p(g) = 8*g + 1. Let s(l) = -7*l - 1. Let h(r) = 4*p(r) + 5*s(r). Suppose 50 = -3*t + 13*t. Suppose 0 = -3*y - 15, 3*y + 26 = 2*k + t. Calculate h(k).
-10
Let p(g) be the first derivative of g**4/4 - 16*g**3/3 + 25*g**2/2 + 33*g - 137. Determine p(14).
-9
Suppose 0 = x - y - 375 + 55, -y = -2*x + 643. Let l(i) = -x*i - 1 + 161*i + 6 + 161*i. Give l(5).
0
Let w be 2/(-4) - (-14)/(-4). Let i(k) be the third derivative of -k**4/24 + k**3/6 + 18652*k**2. Determine i(w).
5
Let u(t) = -t**2 + 15*t + 1. Let n(b) = -4*b**2 - 28*b - 28. Let v be n(-5). What is u(v)?
37
Let y(a) = -2*a**2 - 6*a. Let m(k) = -5*k**2 - 7*k + 1. Let z(u) = m(u) - 3*y(u). What is z(-10)?
-9
Suppose -33*p - 11*p = -13*p + 93. Let b(o) = -3*o + 18. What is b(p)?
27
Suppose -t - 2 = 2. Let o(b) = -4*b + 2. Let r(u) = 3*u - 2. Let w(m) = t*o(m) - 5*r(m). Suppose 93*j + 9 = 88*j - p, 0 = 3*j + 3*p + 3. Give w(j).
0
Let z(a) be the third derivative of -1/120*a**6 - 1/12*a**5 + 0*a**3 + 0*a**4 + 0*a + 0 - 4*a**2. Let c(p) = -5*p**2 - 64*p + 8. Let b be c(-13). What is z(b)?
0
Let f(s) be the third derivative of 7*s**6/40 - 1242*s**2. Determine f(1).
21
Let p(k) be the first derivative of 3*k**2/2 + 5*k + 1. Let u(n) = 5*n**2 + 67*n - 47. Let s be u(-14). Determine p(s).
-10
Suppose 0 = -283*v + 280*v + 51. Suppose v*n + 20*n = -7*n. Let s(q) = q**3 + q**2 - q - 6. Calculate s(n).
-6
Let c(b) = 38 + 33 + 0*b - 2*b - 7*b - 45. What is c(4)?
-10
Let n(b) = -b**3 + 2*b**2 + b - 2. Let v(x) = x**2 - 8*x + 9. Let a be v(7). Let h(q) = 0 - 27*q**2 + 26*q**2 + 3 + a*q. Let k be h(2). What is n(k)?
-8
Let j(r) = -r**3 + 9*r**2 - 16*r + 20. Suppose 219 - 267 = -6*s. Calculate j(s).
-44
Let z(b) be the first derivative of -5*b - b**2 + 11 - 5*b + 12*b. Let r(a) = -6*a + 7. 